-5 - (-26 + 4)
12
What is the value of (-112 - (0 - 1)) + 77?
-34
Evaluate (-17 - (1 + -10 - -2)) + -20 + -8.
-38
-1 + 11 + ((-1 - -76) + 1 - (-1414 + 1434))
66
Calculate -3028 + 3025 + (57 - 1).
53
-25 - (-8 + -14 + 7 + 4 + 1)
-15
What is 7 - -20 - 33 - (2 - 13) - (1 + -4)?
8
-32 - -36 - (-31 + 42)
-7
Evaluate (14 - (-19 + 12)) + -2 + -25.
-6
-2 + -2 - (29 + 9 + 6 + -10)
-38
Evaluate 1604 + -1618 + 58 + -2.
42
Evaluate -3 - (-22 - (-27 - -16)) - (11 + 3) - -4.
-2
Calculate -2 - 19 - -32 - 23.
-12
What is the value of 9 - (-75 - -7 - -72)?
5
Calculate 14 + 16 + (-31 - -4) + 9.
12
Calculate 5 - -1 - (12 - (4 + -14 + 9)).
-7
Calculate -5 + -102 + (-90 + 151 - 67).
-113
Evaluate (-4 + (-8 - -20) - 2) + -4 - (-40 - -52).
-10
(-6 - 1) + -177 + 261
77
Calculate 10 - -29 - (-57 - -80).
16
Calculate -38 - -2 - (73 + (-91 - 4)) - -56.
42
What is -331 + 361 - (3 + -6 - -27)?
6
What is the value of 16 + 0 - (-159 - -162) - -8?
21
What is 1 - 46 - -24 - (4 + 4 + 27)?
-56
Calculate -25 + 36 + -11 + (-16 - 10).
-26
What is -56 + 0 + (9 - (-16 - -8 - -11))?
-50
What is the value of (1 - (1 + -2)) + (3 - 24) + (-275 - -289)?
-5
What is 1 + 40 - (46 - (50 - 23))?
22
What is 40 - (-1 + -6) - (-9 - (-10 - 12))?
34
Evaluate -39 - (35 + (8 - 14) + -18).
-50
Calculate -4 - (-24 + (1 - 3 - 10)) - 7.
25
What is (45 - 5) + 178 + -200?
18
77 - (49 - 17) - -36
81
What is -4 + 0 - (-1 + -21) - (1728 + -1740)?
30
What is 21 + -3 + 8 - (-1453 - -1419)?
60
Calculate 6 - (40 + 2 - -7).
-43
What is -2086 + 2048 + -1 + 13?
-26
What is -94 + (52 - (-35 + 58)) - 34?
-99
Evaluate -3 + (33 + (-4 - 6) - 14) + (2 - -36).
44
Calculate -94 + -1 + (-5 + 39 + -3 - (8 - -9)).
-81
12 - (-12 + -3 + 19 + -16)
24
Calculate (20 - 12 - -134 - (13 - 4)) + (-16 - -3).
120
-36 + (15 + 7 - (-1 + 45))
-58
What is (2 + -1 - 2) + -3 + (1470 - 1481)?
-15
What is (0 - -2 - (18 - 7 - -4)) + 2 + -55?
-66
Evaluate 52 + -12 + (-9 - -20) + -21.
30
What is the value of -1 + 0 + 0 + -133 - (-42 + 270 - 231)?
-131
Evaluate -1 + -41 - (4 + -22 - (-45 - -31)).
-38
What is (9 - (-51 + 52)) + 46?
54
What is (0 - -1) + (21 - (-33 + 27) - 29)?
-1
Evaluate 45 - (13 + 85 + -23).
-30
Evaluate -51 - (73 - (89 + -16)).
-51
What is the value of -14 + (10 - 10) - -36 - 88?
-66
What is the value of 460 + -402 - (61 - 146)?
143
Calculate -15 + 24 + -3 - (6 + -48).
48
0 + 5 - 3 - (2 - 2) - 8
-6
What is the value of -5 + -36 + (39 - 14) + 102?
86
What is the value of (5 - -4 - (0 - -1)) + (16 - (16 + -3))?
11
What is the value of -38 - (29 + -28) - -13?
-26
What is (-6 + -21 - 15) + 159 - -30?
147
What is the value of (2911 - 2901) + (-52 + -2 - -2)?
-42
8 + -15 + 30 + -19 - -23
27
37 + (-118 - -199) + -79
39
Calculate 64 + -9 + -11 + -21.
23
Calculate 31 + (-6 - -5) + 1 + 42 + -36.
37
160 - 0 - (-337 - -397) - (10 + -1)
91
What is the value of 79 - (7 + 28 + 49)?
-5
Calculate 168 - 4 - (-226 - -473).
-83
Calculate 79 - (-2 + 2 + -10 + -3094 + 3123).
60
Evaluate (19 + -19 - (5 + -14)) + -10.
-1
What is the value of (-4 - (9 - 18)) + (-8 - (24 + -5))?
-22
Calculate 9 + -5 + (7 - 16) + -41 + 104.
58
Evaluate 4 + -11 + 3 + (-17 - -2 - -14) - 64.
-69
2 + 1 - (-2619 + 2681)
-59
What is -10 + (-5 - (-6 + (-13 - -2) + -10))?
12
Calculate -20 + (-3 - -25) + -40.
-38
Calculate (-6 - (22 + 6)) + (-8 - -5 - (0 + -10)).
-27
What is 1 + (-36 + -28 - (-8 + 4))?
-59
What is the value of 32 + -94 + 26 + -16?
-52
Evaluate 65 + -117 + 73 - (-5 - -44).
-18
Calculate 0 - -6 - ((14 - 33) + 37 + -15 + 3).
0
-4 + -3 - (32 + (0 - 4)) - (13 - 21)
-27
What is -81 - (23 + 91 + -104)?
-91
Calculate -116 - (-85 + -64) - 91.
-58
Calculate -101 + (140 - (-30 - -102)).
-33
Evaluate (92 - 54) + -43 + -43.
-48
-35 + 20 + 3 - 0 - (-122 + 0 + -1)
111
16 - ((2 - 4) + 4) - (5853 - 5948)
109
What is 1 + 58 + (252 - (216 + 8))?
87
-82 + 99 - (-1 + 0 + 0)
18
Calculate 319 + -363 + -64 + 45.
-63
Evaluate -10 + 6 + -4 + 48 + (-171 - -164).
33
What is (1 - 2 - -85) + ((17 - 29) + 4 - -9)?
85
What is the value of 17 - -64 - (167 + -87)?
1
(8 - -8) + -14 + (1 - (28 - -4)) - 7
-36
What is the value of 4107 + -4083 - (-3 + -64)?
91
What is 51 + -22 + 9 - 45?
-7
Calculate -13 + (49 - 67) - 35.
-66
-32 + (26 - -3) + 6 + -4
-1
(7 + -49 - -77) + -42
-7
Calculate -97 + (144 + -103 - -40).
-16
Evaluate (-1 + 9 - (-20 + 32 + -10 + 3)) + 3.
6
What is (-35 - 13) + -173 + 212 + 24 + -1?
14
What is the value of (-1 - 13) + (454 - 447)?
-7
Evaluate -93 + 19 + (103 - 89).
-60
What is 1 + ((-3 - -2) + 8 - (-686 - -671))?
23
Calculate 86 - -2 - (117 - 156 - -64).
63
Evaluate -57 + (-65 + 109 - 61).
-74
Evaluate (-7 - 1) + 30 + 6.
28
Evaluate (-4 + (-18 - 1) - -41) + 85.
103
3 - (78 + (-47 - -1))
-29
What is the value of -14 + 5 - (2 - 1 - 7) - 12?
-15
Evaluate -15 - (-11 - -13 - (40 - 37) - 18).
4
What is 292 + -405 + 6 + (15 - 1)?
-93
What is the value of (-1 - -9 - 7) + 6 - (-11 - (-21 + -18))?
-21
Evaluate (26 - -1) + (72 - -111) + -129.
81
What is the value of (8 - 2 - 2 - (30 - 3)) + -10 + 1?
-32
Calculate 5 - 1 - 20 - (-11 - (-9 - 12 - -12)).
-14
Calculate 86 - (-25 + 6 + 1 + 19).
85
Evaluate -2 + 44 + (6 - 13).
35
What is -2 + 15 + 21 + -27 + -64 + (3 - 4)?
-58
Evaluate (14 - 17 - 55) + 77.
19
5 - 2 - (241 - 258)
20
What is the value of 7 + (-10 - (8 - -15)) - (-4 + 2)?
-24
What is the value of -24 - -56 - (22 - (-10 + 13))?
13
What is 51 + -52 + (20 - -34)?
53
What is the value of (-36 - 17) + 40 - (-6 - -2) - 21?
-30
What is the value of -59 - (-3 - 3 - (311 - 310))?
-52
-122 + (-154 - -290) - (-37 - -1)
50
(23 - 3) + (19 - 42) - (-3 - -110)
-110
What is (164 - (73 + 89) - (-2 + 1 + -7)) + 82?
92
Calculate (106 - 177) + 117 + 19 + -2.
63
Evaluate -17 + (-16 - -14) + -15 + 7 + 0.
-27
Calculate (-73 - -89) + 23 + -106.
-67
What is the value of -3 + -199 - (4567 - 4686)?
-83
What is the value of 5 - 4 - (-72 - (12 + -81))?
4
What is -13 - (-2 - ((-10 - (2 + 2 - 66)) + -6))?
35
50 + -20 + -7 + 14 + -2
35
What is -1 + -12 + 5134 + -5140?
-19
What is -25 - (43 + -14 + -14 + -12) - -6?
-22
What is the value of 56 + -68 - (-1 - 39) - 40?
-12
What is -7 + -3 - 18 - -19 - -46?
37
-11 - (-21 + -112) - (4 - -33)
85
What is 23 - 28 - (-11 - -7) - (2 - (35 + 1))?
33
What is the value of (-13 - (-1 - 13)) + (-12 - -5) + -67 - -4?
-69
Evaluate -4 + (1 + -18 + 18 + 14 - 0).
11
What is (-69 - 0) + 37 - (-16 + 0) - 17?
-33
What is the value of -1 - -11 - (-20 + (-45 - -68)) - (2 - 74)?
79
Calculate 13 - (0 + 19 - ((51 - 164) + -11)).
-130
Evaluate -9 - (4 - -48) - -48.
-13
Evaluate 13 + 0 - (-3 + (1 - -4)) - (-855 - -819).
47
-8 + 8 + 0 + 18 + 3 + 122
143
What is the value of -109 - (21 + -11 + -41 + 28 + -22)?
-84
What is the value of (-3881 - -3798) + 56 + -2?
-29
What is the value of -12 + (-5 - (-43 - -14)) - (25 - -1)?
-14
11 + -28 + -14 + (69 - -3)
41
What is the value of -9 + (0 - 5) + 4 + (10 - 56) - -5?
-51
What is the value of -19 + 5 + 16 + 2 + -16 + 5 - 88?
-95
Calculate -6 + 1 + (-161 + 179 - -11).
24
Evaluate (-178 - -149) + 27 + -32.
-34
Calculate (3 - -5) + -257 + 248 + -91.
-92
Evaluate (5 - -35) + -2 + (-14 - (-18 + 10)).
32
Evaluate -3 - 6 - (36 - 57 - -24).
-12
What is 70 + 0 - (4231 - 4208)?
47
Calculate (-125 - -148 - -76) + 5.
104
-13 + -16 + 7 + 30 + 10 + -3 + 4
19
Calculate 30 - (11 - (-7 - -25)) - -6.
43
8 + 0 + 2 + (-82 + -2 - -80)
6
Evaluate -363 + 338 + (-2 - -6).
-21
88 - (-39 + 32 + -6 + -10)
111
What is the value of 2 - 12 - (-45 + 13 - (-4 - 61))?
-43
Calculate 72 + (28 - 76) + -99.
-75
Calculate 3132 + -3110 - (21 - 1).
2
What is the value of -11 + (-49 - (-52 + 8))?
-16
What is the value of (-14 - -9 - (-25 - 1)) + -31?
-10
What is the value of 9 - ((-56 - (-9 - 11)) + 14)?
31
-186 + 35 + (122 - 86)
-115
What is the value of -10 - (-110 - -125 - ((-3 - -7) + -10))?
-31
Calculate 61 + (-77 - -22) + (61 - 3).
64
(-11 - -8 - -6) + 14 + 27
44
What is (-13 - (12 - 0 - (-6 - -17))) + 15 + -96?
-95
Calculate (-23 - -29 - 19) + 0 - 30.
-43
What is the value of 23 - (39 + -54 - (-3 + 6))?
41
What is -23 + -7 + 1 + -3 + -23 + (18 - -7)?
-30
(19 + -6 - (-38 + 3)) + -22
26
What is the value of -15 - ((-23 - -16) + -20 + 10)?
2
Evaluate (59 - 20) + -36 - -6.
9
What is -13 - -63 - 58 - 55?
-63
Evaluate 0 + (-28 + 26 - (-1 - -5)) - (28 - 7).
-27
What is -57 - (-11 - (23 - (